{"id":15,"date":"2017-04-19T14:43:42","date_gmt":"2017-04-19T11:43:42","guid":{"rendered":"http:\/\/demo.safirtema.com\/pusula\/?page_id=15"},"modified":"2021-04-25T22:50:46","modified_gmt":"2021-04-25T19:50:46","slug":"ekibimiz","status":"publish","type":"page","link":"http:\/\/konartmimarlik.com\/index.php\/ekibimiz\/","title":{"rendered":"Ekibimiz"},"content":{"rendered":"\n<div class=\"wp-block-safirtema-mainheading mainHeading\"><div class=\"icon safiricon\"><svg class=\"safiricon-kurumsal\"><use href=\"#safiricon-kurumsal\"><\/use><\/svg><\/div><div class=\"text\">Ekibimiz<\/div><\/div>\n\n\n\n<p>Ekibimiz sayfa \u015fablonu sayesinde&nbsp;standart bir wordpress galerisini a\u015fa\u011f\u0131daki formatta g\u00f6sterebilirsiniz:<\/p>\n\n\n\n<figure class=\"wp-block-gallery columns-4 is-cropped wp-block-gallery-1 is-layout-flex wp-block-gallery-is-layout-flex\"><ul class=\"blocks-gallery-grid\"><li class=\"blocks-gallery-item\"><figure><img loading=\"lazy\" decoding=\"async\" width=\"900\" height=\"964\" src=\"http:\/\/konartmimarlik.com\/wp-content\/uploads\/2017\/04\/personel1.jpg\" alt=\"\" data-id=\"108\" class=\"wp-image-108\" srcset=\"http:\/\/konartmimarlik.com\/wp-content\/uploads\/2017\/04\/personel1.jpg 900w, http:\/\/konartmimarlik.com\/wp-content\/uploads\/2017\/04\/personel1-280x300.jpg 280w, http:\/\/konartmimarlik.com\/wp-content\/uploads\/2017\/04\/personel1-768x823.jpg 768w\" sizes=\"(max-width: 900px) 100vw, 900px\" \/><\/figure><\/li><li class=\"blocks-gallery-item\"><figure><img loading=\"lazy\" decoding=\"async\" width=\"200\" height=\"200\" src=\"http:\/\/konartmimarlik.com\/wp-content\/uploads\/2017\/04\/personel3.jpg\" alt=\"\" data-id=\"110\" class=\"wp-image-110\" srcset=\"http:\/\/konartmimarlik.com\/wp-content\/uploads\/2017\/04\/personel3.jpg 200w, http:\/\/konartmimarlik.com\/wp-content\/uploads\/2017\/04\/personel3-150x150.jpg 150w\" sizes=\"(max-width: 200px) 100vw, 200px\" \/><\/figure><\/li><li class=\"blocks-gallery-item\"><figure><img loading=\"lazy\" decoding=\"async\" width=\"512\" height=\"512\" src=\"http:\/\/konartmimarlik.com\/wp-content\/uploads\/2017\/04\/personel2.jpeg\" alt=\"\" data-id=\"109\" class=\"wp-image-109\" srcset=\"http:\/\/konartmimarlik.com\/wp-content\/uploads\/2017\/04\/personel2.jpeg 512w, http:\/\/konartmimarlik.com\/wp-content\/uploads\/2017\/04\/personel2-150x150.jpeg 150w, http:\/\/konartmimarlik.com\/wp-content\/uploads\/2017\/04\/personel2-300x300.jpeg 300w\" sizes=\"(max-width: 512px) 100vw, 512px\" \/><\/figure><\/li><li class=\"blocks-gallery-item\"><figure><img loading=\"lazy\" decoding=\"async\" width=\"320\" height=\"320\" src=\"http:\/\/konartmimarlik.com\/wp-content\/uploads\/2017\/04\/personel4.jpg\" alt=\"\" data-id=\"111\" class=\"wp-image-111\" srcset=\"http:\/\/konartmimarlik.com\/wp-content\/uploads\/2017\/04\/personel4.jpg 320w, http:\/\/konartmimarlik.com\/wp-content\/uploads\/2017\/04\/personel4-150x150.jpg 150w, http:\/\/konartmimarlik.com\/wp-content\/uploads\/2017\/04\/personel4-300x300.jpg 300w\" sizes=\"(max-width: 320px) 100vw, 320px\" \/><\/figure><\/li><li class=\"blocks-gallery-item\"><figure><img loading=\"lazy\" decoding=\"async\" width=\"752\" height=\"796\" src=\"http:\/\/konartmimarlik.com\/wp-content\/uploads\/2017\/04\/personel5.jpg\" alt=\"\" data-id=\"112\" class=\"wp-image-112\" srcset=\"http:\/\/konartmimarlik.com\/wp-content\/uploads\/2017\/04\/personel5.jpg 752w, http:\/\/konartmimarlik.com\/wp-content\/uploads\/2017\/04\/personel5-283x300.jpg 283w\" sizes=\"(max-width: 752px) 100vw, 752px\" \/><\/figure><\/li><li class=\"blocks-gallery-item\"><figure><img loading=\"lazy\" decoding=\"async\" width=\"736\" height=\"981\" src=\"http:\/\/konartmimarlik.com\/wp-content\/uploads\/2017\/04\/personel6.jpg\" alt=\"\" data-id=\"113\" class=\"wp-image-113\" srcset=\"http:\/\/konartmimarlik.com\/wp-content\/uploads\/2017\/04\/personel6.jpg 736w, http:\/\/konartmimarlik.com\/wp-content\/uploads\/2017\/04\/personel6-225x300.jpg 225w\" sizes=\"(max-width: 736px) 100vw, 736px\" \/><\/figure><\/li><li class=\"blocks-gallery-item\"><figure><img loading=\"lazy\" decoding=\"async\" width=\"1000\" height=\"1066\" src=\"http:\/\/konartmimarlik.com\/wp-content\/uploads\/2017\/04\/personel8.jpg\" alt=\"\" data-id=\"115\" class=\"wp-image-115\" srcset=\"http:\/\/konartmimarlik.com\/wp-content\/uploads\/2017\/04\/personel8.jpg 1000w, http:\/\/konartmimarlik.com\/wp-content\/uploads\/2017\/04\/personel8-281x300.jpg 281w, http:\/\/konartmimarlik.com\/wp-content\/uploads\/2017\/04\/personel8-768x819.jpg 768w, http:\/\/konartmimarlik.com\/wp-content\/uploads\/2017\/04\/personel8-961x1024.jpg 961w\" sizes=\"(max-width: 1000px) 100vw, 1000px\" \/><\/figure><\/li><li class=\"blocks-gallery-item\"><figure><img loading=\"lazy\" decoding=\"async\" width=\"898\" height=\"641\" src=\"http:\/\/konartmimarlik.com\/wp-content\/uploads\/2017\/04\/personel7.jpeg\" alt=\"\" data-id=\"114\" class=\"wp-image-114\" srcset=\"http:\/\/konartmimarlik.com\/wp-content\/uploads\/2017\/04\/personel7.jpeg 898w, http:\/\/konartmimarlik.com\/wp-content\/uploads\/2017\/04\/personel7-300x214.jpeg 300w, http:\/\/konartmimarlik.com\/wp-content\/uploads\/2017\/04\/personel7-768x548.jpeg 768w\" sizes=\"(max-width: 898px) 100vw, 898px\" \/><\/figure><\/li><\/ul><\/figure>\n","protected":false},"excerpt":{"rendered":"<p>Ekibimiz sayfa \u015fablonu sayesinde&nbsp;standart bir wordpress galerisini a\u015fa\u011f\u0131daki formatta g\u00f6sterebilirsiniz:<\/p>\n","protected":false},"author":1,"featured_media":0,"parent":0,"menu_order":0,"comment_status":"closed","ping_status":"closed","template":"pages\/page-crew.php","meta":{"footnotes":""},"_links":{"self":[{"href":"http:\/\/konartmimarlik.com\/index.php\/wp-json\/wp\/v2\/pages\/15"}],"collection":[{"href":"http:\/\/konartmimarlik.com\/index.php\/wp-json\/wp\/v2\/pages"}],"about":[{"href":"http:\/\/konartmimarlik.com\/index.php\/wp-json\/wp\/v2\/types\/page"}],"author":[{"embeddable":true,"href":"http:\/\/konartmimarlik.com\/index.php\/wp-json\/wp\/v2\/users\/1"}],"replies":[{"embeddable":true,"href":"http:\/\/konartmimarlik.com\/index.php\/wp-json\/wp\/v2\/comments?post=15"}],"version-history":[{"count":9,"href":"http:\/\/konartmimarlik.com\/index.php\/wp-json\/wp\/v2\/pages\/15\/revisions"}],"predecessor-version":[{"id":574,"href":"http:\/\/konartmimarlik.com\/index.php\/wp-json\/wp\/v2\/pages\/15\/revisions\/574"}],"wp:attachment":[{"href":"http:\/\/konartmimarlik.com\/index.php\/wp-json\/wp\/v2\/media?parent=15"}],"curies":[{"name":"wp","href":"https:\/\/api.w.org\/{rel}","templated":true}]}}